 29. What are the prime factors of s*1/(-3)*(-2316)/m?
193
Let d = -2291 + 1419. Let f = d - -1504. What are the prime factors of f?
2, 79
Let d = -97 + 376. Suppose x - d = -2*x - 5*z, -3*x - 2*z + 288 = 0. What are the prime factors of x?
2, 7
Let x = -45 - -48. Suppose 2*k = 4*s, -x*k - 2*k = 3*s. Suppose -5*n + 460 - 160 = k. What are the prime factors of n?
2, 3, 5
Let r(c) = -7*c + 250. Let o be (1/5)/(21/(-3885)). What are the prime factors of r(o)?
509
Let y(f) = f**3 + 19*f**2 + 17*f - 14. Let v be y(-18). Suppose v = 5*r - 11. Suppose 5*l = 2*i - 562, -i - 3*l + 273 - r = 0. What are the prime factors of i?
2, 3, 23
Suppose -3*n = -0*n + 2*a + 185, 246 = -4*n - 3*a. Let b = n + 66. List the prime factors of ((-2)/4*-2 - b)*-1.
2
List the prime factors of 16201 + ((-19)/(-7) - 3 - (-279)/217).
2, 8101
Let x(a) = -a**2 + 6*a + 12. Let o be x(5). Let k = 127 - o. Suppose u - k - 33 = 0. What are the prime factors of u?
11, 13
Let a(l) = -l**2 + 3*l - 2. Let t be a(2). Suppose -5*z + t*x = -5*x + 25, 44 = -4*z - 2*x. List the prime factors of (2*z/(-12))/((-6)/(-20)).
5
Let v = 31 - 29. Let g(z) = 8*z**2 + 6 - 5*z**v - 2*z**2 - 2 - 16*z. List the prime factors of g(17).
3, 7
List the prime factors of 27/(-18)*100736/(-16).
2, 3, 787
Let j be 6 - -4 - (4 + -1). Suppose 11 = g + j. Suppose 2*p - 3*y - 437 = 0, -g*p + 859 = -0*p - y. List the prime factors of p.
2, 107
Let j be (-1)/((-2)/10*25/10). Let t be (-1 + j/6)/(20/(-10230)). Let n = t - 225. List the prime factors of n.
2, 29
Let q be (1952/(-12))/((-1)/(-3)). Let a be (q/(-16))/(2/(-4)) - -1. Let m = -8 - a. List the prime factors of m.
2, 13
Let k = -181 + 17416. What are the prime factors of k?
3, 5, 383
Let c = 67 - 65. Suppose -4*d = -5*n + 583, 8*d - c = 9*d. Let j = 126 - n. What are the prime factors of j?
11
Suppose 4*i = -5*h + 4145, 5*h = -0*i + i - 1055. Suppose 3111 - i = 19*z. What are the prime factors of z?
109
Let f = 6234 + 11229. What are the prime factors of f?
3, 5821
Let n(d) = 5*d**2 - 5*d + 2. Suppose -6*u - 3*h - 23 = -u, -3*u - 8 = -4*h. Let w be 4/3*12/u. What are the prime factors of n(w)?
2, 3, 17
Suppose -41 + 81 = 8*v. Let r(b) be the first derivative of b**4/2 - 8*b**3/3 - b**2 - 8*b - 4. List the prime factors of r(v).
2
Let d(c) = -c**3 - 2*c**2 + c - 1. Let m be d(-3). Suppose v - q - 140 + 4 = 0, -m*q = -2*v + 269. List the prime factors of v.
137
Let c(m) = -9*m**3 - 8*m**2 - 28*m - 158. List the prime factors of c(-17).
42223
Let i(m) = 3*m + 95. Let o(l) = -5*l**3 + 7*l**2 - 3*l + 5. Let u be o(2). What are the prime factors of i(u)?
2, 7
Let a(i) = 3*i**2 - 2*i - 4. Let r(p) = -6*p**3 + p**2. Let l be 3 - (-1 + (7 - 4)). Let u be r(l). List the prime factors of a(u).
3
Suppose 27*w = 12*w + 135. Let v(k) = 10*k**2 - 8*k + 13. List the prime factors of v(w).
751
Let a be -240 - (4 + -5) - -4. Let q = a - -331. What are the prime factors of q?
2, 3
Suppose 4844*h + 425472 = 4856*h. List the prime factors of h.
2, 277
Let n be 15/(-9) - ((-272)/12 + 0). Suppose 6*s + 5400 = n*s. List the prime factors of s.
2, 3, 5
Let d(w) = w**3 + 2*w**2 - 15*w + 15. Let t be d(2). Let u = 237 - 121. List the prime factors of (u/3)/(1 + t/(-3)).
2, 29
Let l be 4 + (-20 + 23)*4/(-3). Suppose -w - o + 1645 = l, -5*w + 2*o - 2641 + 10838 = 0. What are the prime factors of w?
3, 547
Let w be -12*(1 - -3 - 3). Suppose -3*y + 20 = s, -2*y = -5*s + 4*s + 15. List the prime factors of (-2)/4*w*s.
2, 3, 17
Let f be 2/(-6) + (508/12 - 4). Let x = 75 - f. Suppose -c + 53 = -x. What are the prime factors of c?
2, 3, 5
Let n be 4/(-20)*-5*-3. Let g be (-4 - (n + 0)) + 5. Suppose -2*x - g*h - 15 = -87, -5*x - h + 198 = 0. What are the prime factors of x?
2, 5
Let c = 11455 + 6834. List the prime factors of c.
18289
Let i = 27279 - -13743. What are the prime factors of i?
2, 3, 43, 53
Suppose -89 = -r - 74. Suppose 0 = r*q - 632 - 3838. List the prime factors of q.
2, 149
Let g(f) = 58*f**2 - 7*f - 35. List the prime factors of g(11).
2, 3, 1151
Let x(q) = 15183*q + 178. List the prime factors of x(1).
15361
Let v be (-2 - 1) + 15/(-1). Let x be (3/v + 4/(-12))*410. Let h = 369 + x. What are the prime factors of h?
2, 41
Let d be (-125632)/156*2/(-4)*3. Let o be ((-30)/9)/5 - d/6. Let k = o + 289. What are the prime factors of k?
3, 29
Let l = 9 + -4. Suppose -l*o = 2*c + 4 - 5, -8 = 4*c. Let n = o - -94. What are the prime factors of n?
5, 19
What are the prime factors of (-1)/((-14183)/134558 + 70/665)?
2, 3541
Suppose n = 6*n - 15. Suppose 16 = -2*h - a, -n*h - 2*a + 12 = 35. Let v = -5 - h. What are the prime factors of v?
2
Suppose -77 + 2 = -5*q. Suppose -14*p - 54 = -q*p. Suppose p = 2*b - 232. What are the prime factors of b?
11, 13
Let w be 2/6 + (-4 - 11264/(-12)). Let q = w - 528. What are the prime factors of q?
11, 37
Let l(h) = -17*h**2 + 8*h + 1. Let k be l(7). Let o = -330 - k. Suppose -5*z = y - o, 4*z - 8*y + 3*y = 351. What are the prime factors of z?
89
Suppose -1771*x = -1768*x - y - 57351, 2*x - 5*y - 38247 = 0. List the prime factors of x.
2, 3, 59
Let m(q) = -193*q**3 - 2*q**2 - 41*q - 92. What are the prime factors of m(-3)?
2, 653
Let u(x) = -14*x**3 + 16*x**2 + 43*x - 20. What are the prime factors of u(-5)?
5, 383
Let x be (4/(-60) - 4/(-10))*-15. Let a be 1 + x + (189 - 0). Let z = 288 - a. What are the prime factors of z?
103
Let d(g) = 88*g**2 - 3*g + 35. Let l be d(-7). Suppose 11*v + 3*v = l. What are the prime factors of v?
2, 3, 13
Let h(g) = g**2 + 3*g - 5. Let j be h(-4). Let y be j/3 - 326*14/(-12). Suppose 20*d = 15*d + y. List the prime factors of d.
2, 19
Let f(r) = -964 + 957 - 2*r**3 + 2*r + 0*r - 5*r**2. What are the prime factors of f(-6)?
233
Let u(p) be the first derivative of 69*p + 16 + 17*p**2 + 6 - 48*p + 0. List the prime factors of u(4).
157
Let o(y) = 2*y**2 + 10*y + 3. Let s be o(9). Let q be 225*(56/(-35) - -2). Suppose 3*b - q = s. What are the prime factors of b?
5, 23
Let a = -978 + 976. Let t(i) = 512*i**2 + 4*i - 2. What are the prime factors of t(a)?
2, 1019
Suppose 4*t - 94 - 626 = 0. Let h = t - -295. List the prime factors of h.
5, 19
Suppose 95*v - 960 = 90*v. What are the prime factors of v?
2, 3
Let y(t) = 115*t - 1457. Let b be y(15). Let a = 128 + -65. List the prime factors of (-2)/(a/b - 4/16).
2, 67
Suppose 0*v + 264 = 3*v. Suppose -35*k + 276*k = 6266. Let z = v - k. List the prime factors of z.
2, 31
Suppose -6*q - 856280 = -105*q + 118672. What are the prime factors of q?
2, 1231
Let s(q) = 597*q + 1414. What are the prime factors of s(16)?
2, 5483
Let f = -3706 + 44130. What are the prime factors of f?
2, 31, 163
Let w = -2942 + 9330. What are the prime factors of w?
2, 1597
Suppose 9 = -3*f, -5*f - 4 = -a - 3*f. Let i be 8 - 5 - (a - -3). What are the prime factors of (-7657)/(-78) - (0 - i/(-12))?
2, 7
Let o(h) = 24*h**2 - 54*h + 369. What are the prime factors of o(19)?
3, 17, 157
Let i be 15 - 6 - 0 - 7. Suppose 3*y - 411 = -5*m + 1624, -i*y = 0. List the prime factors of m.
11, 37
Suppose -7*a + 2*r + 106797 = -4*a, -5*r = 5*a - 178020. What are the prime factors of a?
3, 11867
Suppose -2*n - 4 = -x, 7*x - 4*x - 33 = -n. Suppose -x = -6*h + 5*h. Suppose -2*w = -48 + h. What are the prime factors of w?
19
Suppose 2261 + 424 = 5*p - 5*h, -3*h = 4*p - 2141. Let v = -366 + p. List the prime factors of v.
2, 5, 17
Let f = -45823 - -77329. List the prime factors of f.
2, 3, 59, 89
Let v(y) = -y**2 + 15*y - 23. Let w be v(3). Suppose -w*x = 8*x - 20139. What are the prime factors of x?
7, 137
Suppose -2*i = -5*o - 14406, i + 10*o - 7205 = 12*o. What are the prime factors of i?
7213
What are the prime factors of (-5500020)/(-124) + (-1 + 4 - (-2)/(-2))?
44357
Let l be 2/4 + (-20)/40. Suppose l = -11*k + 19*k - 1928. What are the prime factors of k?
241
Let d = 3750 + -1279. List the prime factors of d.
7, 353
Suppose -2404 + 181 = -19*f. Suppose -20*n + c = -19*n - f, 3*n - c = 355. What are the prime factors of n?
7, 17
Let t(o) be the second derivative of -o**5/20 - o**4/4 - 11*o**3/6 + 5*o**2/2 + 2*o - 9. What are the prime factors of t(-6)?
179
Let m = -10144 - -15926. List the prime factors of m.
2, 7, 59
Let r(j) = 48*j**2 - 7*j - 9. Let g be r(-5). Suppose 5*v = -5*n + 3060, -2*n - 53*v + 5